 What are the prime factors of j?
2
Let p be (-199)/(-4) - (-6)/(-8). Suppose -4*b + 47 + p = 0. Suppose -3*u = -b - 0. List the prime factors of u.
2
Suppose 60 = 4*b - 8. List the prime factors of b.
17
Let f = 114 - 68. What are the prime factors of f?
2, 23
Let b be -2*1/(-2) + 9. Suppose -3*c + 4*o = b, -40 = 2*c - 3*o + 7*o. What are the prime factors of c/(-3)*48/10?
2
Let x = -317 + 470. What are the prime factors of x?
3, 17
Suppose 14 = 5*o - 6. Let y = 14 - o. What are the prime factors of y?
2, 5
Let j = -4 - -5. Let r be 0/(-1)*(2 - j). Suppose -g = -4*a + 17, 2*a - g + r*g - 9 = 0. What are the prime factors of a?
2
Suppose 0 = 10*g + 326 - 916. What are the prime factors of g?
59
Suppose 0 = -i + f + 8 - 1, -5*i = -4*f - 30. Suppose -x = q - 13, -i*x - 33 + 3 = -2*q. What are the prime factors of q?
2, 7
List the prime factors of (-2)/((-40)/2455) + (-2)/(-8).
3, 41
Suppose 3*a - w - 29 = 0, a = -2*a - w + 25. What are the prime factors of -1 + 9 + -9 + a?
2
Let o(t) = 2*t**2 + t - 3. Suppose -2*q = -q + 3. Let k be o(q). Suppose g = -0 + k. List the prime factors of g.
2, 3
Let v(p) = 10*p + 20. What are the prime factors of v(34)?
2, 3, 5
Let q(y) = -y**3 + 5*y**2 - 4*y + 3. Let p be q(4). Let f(g) = -4*g - 4. Let z be f(p). List the prime factors of -1*(-2 - z)/(-2).
7
Suppose -4*t = -s - 0*t - 13, 5*s = t + 11. What are the prime factors of s - (1 + (-17 - 3))?
2, 11
Suppose -w + 3*w - 40 = 0. What are the prime factors of w?
2, 5
Let q(v) = 3*v + 1. Let f be q(-1). What are the prime factors of (20/6)/(f/(-6))?
2, 5
Suppose 0 = 2*t - t - 3*l - 6, 4*t = -l + 11. Suppose -t*r + 16 = 2*y, -4*r + 26 = -5*y - 3. What are the prime factors of r?
2, 3
Let u(k) = -k**3 + k**2 + k + 10. Let x be u(0). What are the prime factors of 248/20 - 4/x?
2, 3
Suppose 6*p - 9 = 3*p. Suppose -p*l = -d - 0*d - 118, 0 = -4*d - 16. What are the prime factors of l?
2, 19
Suppose 4*h + x - 279 = -48, 229 = 4*h + 3*x. What are the prime factors of h?
2, 29
Suppose 0*c - 2*c = -2. Suppose 15 = -5*d, 5*x = 4*d - 2*d + c. What are the prime factors of 15 - 3 - x/(-1)?
11
Let r(a) = a**3 + 8*a**2 - 2*a - 1. List the prime factors of r(-5).
2, 3, 7
List the prime factors of ((-36)/(-7))/((-21)/(-98)).
2, 3
Suppose 0 = l - 2 - 1. Let v(p) = 7*p. What are the prime factors of v(l)?
3, 7
Suppose 3*j = -23 + 8, 5*j = 5*f - 125. Let i = 10 - f. Let d = i - -16. What are the prime factors of d?
2, 3
Let m(j) = 5*j**2 - 4*j - 5. Let w be m(5). Suppose -2*l - 3*l = -w. What are the prime factors of l?
2, 5
Suppose -4*p + 11 = -1. Suppose -p*x = x - 32. List the prime factors of x.
2
Suppose 5*c - 70 = 2*x - 7*x, -62 = -5*c - x. List the prime factors of c.
2, 3
What are the prime factors of (-1 + 2)*(131 + 4)?
3, 5
Suppose -5*g = -2*o - 44, 6*g = 2*g + o + 37. Suppose -g*i - 24 = -12*i. List the prime factors of i.
2, 3
Let o be (-1)/(6/(-4) - -1). Suppose 0 = -4*g - o + 26. Suppose -g*r + 4 = -2*r - 4*x, -4*r = 5*x - 31. List the prime factors of r.
2
Let v(l) = -l**3 + 4*l**2 + 3*l - 2. Let o be -2 - (0 + 1)*-5. Suppose o*m = 13 - 1. What are the prime factors of v(m)?
2, 5
Suppose -4*h + 5*m + 54 = 0, -7 = 2*h - 3*h - 2*m. List the prime factors of h.
11
Suppose 3*d + 40 + 67 = 2*r, -2*r + 83 = 5*d. List the prime factors of r.
7
Let q(w) = -w**3 - w + 16. Let n(g) = g**2 + 6*g. Let a be n(-6). What are the prime factors of q(a)?
2
Suppose v - 3 = 7. Let t be 0 - (-9)/(-3) - -54. Suppose f - 13 = 5*g - t, 5*f - v = 0. List the prime factors of g.
2
Suppose 0 = -r + 2 + 2. Suppose r*i - 35 = -i. List the prime factors of i.
7
Let h = -10 + 42. Suppose h = 5*k - k. List the prime factors of k.
2
Suppose 6*n = 2*n + 188. Let r be (-5)/(-10)*(23 + -1). Suppose -n = -3*c - r. List the prime factors of c.
2, 3
Let t(a) = 4*a**2 - 1 + 5*a - 2 + 2*a**3 - 3*a**3 + 0. Let g = 13 - 9. List the prime factors of t(g).
17
Let l be 6/4*(5 - 1). Let v(t) = -t**2 + 9*t - 8. List the prime factors of v(l).
2, 5
Let y be (2 + 0 - 2)*-1. Let n = 3 + y. Suppose n*g - 50 + 17 = 0. List the prime factors of g.
11
Let m(n) = 6*n**3 + 2*n**2 + 4*n + 2. Let t(q) = -7*q**3 - q**2 - 5*q - 2. Let f(o) = 6*m(o) + 5*t(o). List the prime factors of f(-7).
3
Let m = -28 - -47. What are the prime factors of m?
19
Let l = -107 - -199. List the prime factors of l.
2, 23
Let h = 29 - 19. Let t(u) = -u**3 + 11*u**2 - 9*u + 9. List the prime factors of t(h).
19
Suppose -q - 4*q - 10 = 0. Let n be (q - -4)*(-4)/(-2). Suppose -3*r - 5*s = 19, -n*r + 15 = -s + 2. List the prime factors of r.
2
Suppose 16 = b - 5*b. Let x = b - -12. Let a = x - -3. List the prime factors of a.
11
Let o = -20 + 10. Let q = o + 17. What are the prime factors of q?
7
Let g(y) be the third derivative of y**5/60 - y**4/8 + 5*y**3/6 + 2*y**2. What are the prime factors of g(4)?
3
What are the prime factors of -2 - 17/(-3 - -2)?
3, 5
Suppose 10 = 2*r + i + 3*i, -5*r - 5*i + 30 = 0. Let t(p) = p**2 - 2*p - 3. List the prime factors of t(r).
2
Let z = -164 + 327. What are the prime factors of z?
163
Let b = 0 + -2. Let t be 15*-1*(-1)/3. Let w = b + t. List the prime factors of w.
3
Suppose -j = -d + 6, 15 = -4*j - j. Suppose -d*l + 78 + 33 = 0. Suppose 0 = -5*r - 4*g + l + 1, -r - 5*g = -16. What are the prime factors of r?
2, 3
Let p(t) = 2*t + 0*t - 1 - t. Let g be p(4). Suppose 0 = a + j + g*j + 18, 3*j = -15. List the prime factors of a.
2
List the prime factors of 1/3 - (-3904)/24.
163
Let t be ((-3)/2)/(6/(-80)). Let a be t/(-8) - 1/(-2). What are the prime factors of (a + 0)*6/(-1)?
2, 3
Suppose 2*c - 17 = 25. What are the prime factors of c?
3, 7
Let z(g) be the third derivative of g**5/30 + g**4/12 - 5*g**3/6 - 4*g**2. List the prime factors of z(-4).
19
Let z(g) = -g**3 - 11*g**2 + 10*g + 1. List the prime factors of z(-12).
5
Let r = -11 + 19. Let d = 11 + r. List the prime factors of d.
19
Let z be (-3 - 0 - -4)/(-1). Let d(q) = 31*q**2. List the prime factors of d(z).
31
Let w(f) = -f**3 - 12*f**2 + 17. What are the prime factors of w(-12)?
17
What are the prime factors of ((-214)/3)/((-3)/9)?
2, 107
Let u(d) = -8*d + 5*d - 6*d + d**2 - 2. Let x be u(5). What are the prime factors of x/(-6) - (-14)/(-21)?
3
Let n(j) be the second derivative of j**4/12 + 4*j**3/3 - 3*j**2/2 - 2*j. Let q be n(-8). List the prime factors of 2 - 5*(q - -1).
2, 3
Suppose 2*p + 0*p + 4*w = 404, -3*p - 4*w + 596 = 0. What are the prime factors of p?
2, 3
Let v = -8 + 10. Suppose -19 - 13 = -v*w. List the prime factors of w.
2
Let f(r) = r + 3. Let w be f(-7). Let x be (-14)/(-4)*w/(-7). Suppose -q = 5*s - 17, -2*q - x = -3*s + 3. What are the prime factors of s?
3
Suppose f - 2 = 2. List the prime factors of (7*-6)/(f/(-2)).
3, 7
Suppose 5*p - 15 = -0*p. Let u be 4/(4/(-3)) + p. Suppose 0*h - 5*f = 5*h, -3*h + 5*f + 16 = u. What are the prime factors of h?
2
Let p = -21 + 47. What are the prime factors of p?
2, 13
Suppose 0 = -2*b + 5*v + 44 + 2, -3*b + 62 = -4*v. What are the prime factors of b?
2, 3
Let b be ((-2)/4)/((-4)/16). List the prime factors of b/(-6)*-1*30.
2, 5
Let s(p) = p + 14. Let n(j) = j**3 - j**2 - 2*j + 1. Let c be n(-2). What are the prime factors of s(c)?
7
Suppose -5*q = -27 - 13. What are the prime factors of q?
2
Let f(j) = -j**2 + 3*j + 2. Let b be f(6). Let i be (-4)/b + 222/8. Suppose 5*o - 98 = -i. What are the prime factors of o?
2, 7
Suppose -42 + 126 = 3*c. Suppose -3*h + c = -4*p, -5*h + p = -h - 46. List the prime factors of h.
2, 3
Suppose -y - y - 3*u + 3 = 0, 3*y - 8 = -u. Suppose -y*s + 12 + 36 = 2*m, 0 = s + 5*m - 16. What are the prime factors of s?
2
Let o = 1 - -2. List the prime factors of (-1 + o)/(14/406).
2, 29
Let m(d) = d**3 - 4*d**2 + 2*d - 3. Let c be m(4). Let r = 16 + c. List the prime factors of r.
3, 7
Let g = -72 - -106. Suppose 2*d + g = 5*a - 79, a + d = 17. What are the prime factors of a?
3, 7
Suppose 3*k = 5*t - 529, 2*k = 2*t - 26 - 188. What are the prime factors of t?
2, 13
List the prime factors of (-190)/(-15) - (-8)/(-12).
2, 3
Suppose 5*c = 10*c - 240. Suppose j = 5*j - c. List the prime factors of j.
2, 3
Let v = 2 + 2. Suppose -2*p - 34 = -v*p. List the prime factors of p.
17
Let z be 19/3 - (-4)/(-12). Suppose 4*a = 5*o + 2, o - z*a + 10 = -2*a. What are the prime